 11*r**2 - 9*r + 20. Let p be l(-10). Calculate the greatest common divisor of p and 2.
2
Let q be (20/(-16))/((-2)/8). Suppose -q*s = -6 - 14. Let h(v) = -5*v + 1. Let f be h(-1). What is the greatest common divisor of s and f?
2
Let t(v) = v**3 + 4*v**2 - 4*v - 2. Let q be t(-3). Let w = -7 + q. Let d = 39 - w. Calculate the highest common divisor of 18 and d.
9
Let m(r) = 168*r**2 - r - 1. Let y be m(-1). What is the greatest common factor of 21 and y?
21
Let i(n) = -n**3 + n. Let o be i(0). Suppose o = 5*d + 442 - 132. Let r be (-5)/(d/20 + 3). What is the highest common divisor of 5 and r?
5
Suppose 14*w = 12*w + 2. Let t = -7 + 11. Calculate the highest common divisor of w and t.
1
Suppose -4*u = -u - 12. Suppose 2*o = -0 + u. Suppose -o*f + 76 = -0*f. Calculate the greatest common factor of 19 and f.
19
Suppose 2*y - 3 - 1 = 0. Suppose -y - 2 = -4*k. Suppose -5*a + 28 + 7 = 0. Calculate the highest common factor of a and k.
1
Let a(z) = z**2 - 9*z - 8. Let g be a(9). Let i = g + 13. Suppose 19 = 2*n + 3*n + l, l + i = 3*n. What is the highest common factor of n and 12?
3
Suppose l - 250 = -4*l. Suppose -16 = q - 4*d, -5*d = -d - 16. Let n(w) = w**2 + 2*w + 10. Let m be n(q). What is the greatest common factor of l and m?
10
Let k = 16 + -8. Suppose 0 = -4*n + 124 - k. Let l be n/3 + (-2)/3. Calculate the highest common divisor of l and 9.
9
Suppose -18*n = -20*n + 96. What is the greatest common divisor of 36 and n?
12
Let p(s) be the first derivative of -s**3/3 - 9*s**2/2 + s - 5. Let k be p(-8). Let h be 4/(-6)*54/(-1). What is the greatest common divisor of k and h?
9
Suppose 3*w - 2*f = -2*w + 43, 3*f = -2*w + 21. Calculate the highest common divisor of 63 and w.
9
Let d be ((-4)/(-5))/(4/70). Suppose z + 4*z = -20. Let m be (-2)/(5/(350/z)). What is the greatest common divisor of m and d?
7
Let j(d) = d - 5. Let n be j(5). Let f(a) = -2*a - 2 - 9 + n. Let t be f(-8). Calculate the highest common factor of 55 and t.
5
Let a = -77 - -137. Calculate the highest common factor of 5 and a.
5
Let s be (-5)/(-3) + 2/6. Suppose -5*d = -3*a + 6*a - 141, -s*a + 107 = -d. What is the greatest common factor of 13 and a?
13
Suppose 0 = 3*p - 4*a - 24, 0 = -p - 5*a + 4*a + 8. Calculate the highest common divisor of 8 and p.
8
Let y be 21 + (-7)/((-28)/12). What is the greatest common factor of y and 3?
3
Let c = 82 - 78. What is the greatest common factor of 16 and c?
4
Let d(u) = 8*u**3 - 3*u**2. Let c be d(2). Calculate the highest common divisor of c and 13.
13
Let k = 30 - -10. Calculate the greatest common divisor of 24 and k.
8
Let w(p) = -2*p - 5. Let a be w(-6). Suppose 4*r = 3*r, -292 = -4*u - 4*r. Let g = -38 + u. Calculate the greatest common factor of g and a.
7
Let u be ((-12)/10)/(3/(-50)). What is the greatest common divisor of u and 110?
10
Let m be 32/4*(1 - -2). Suppose 0 = 2*f - 3*f + m. Suppose 4*p + 0*p = f. Calculate the greatest common divisor of 48 and p.
6
Let h be (-42)/(-24) + 1/4. Suppose 3*y + f - 68 = 0, h*y + 3*f = 60 - 3. What is the highest common divisor of y and 147?
21
Suppose 4*o = 335 + 257. Calculate the greatest common factor of o and 37.
37
Let d be 16*((-26)/(-4) - 5). What is the greatest common factor of 16 and d?
8
Let p be (-15)/((-4)/(1 + 3)). Suppose 4*m - 17 = -s - 4*s, -14 = -4*m - 2*s. What is the highest common factor of m and p?
3
Let k = -4 + 54. Calculate the highest common factor of k and 30.
10
Let p be -1 + -2 + 18*1. Let x = -11 - -10. Let c be (x + 1 - -102) + 3. What is the highest common divisor of c and p?
15
Let i(r) = -2*r. Let v be i(-2). Suppose 3*o = -3*a + 54, 4*o - 4*a = -0*o + 88. Calculate the greatest common divisor of o and v.
4
Let d be 3/(-2)*(-2)/1. Let k = -34 - -105. Let i be d + k + (-1 - -2). What is the greatest common factor of 30 and i?
15
Suppose 0*n = n - 3*k - 2, 8 = 2*k. Calculate the highest common divisor of n and 14.
14
Let p = -31 + 59. Let i(a) = a**2 - 7*a + 4. Let q be i(7). Calculate the highest common factor of q and p.
4
Suppose -2*t - c = -t - 83, 2*t = c + 181. Calculate the highest common factor of t and 11.
11
Suppose 4*q = q + 72. Let n = -9 + 14. Suppose n*d - d = q. Calculate the greatest common factor of d and 3.
3
Suppose 22 = y + 6. Suppose -2*b - 4*s + y = 0, 3*b + s = 4*s + 24. Calculate the greatest common factor of 8 and b.
8
Let z be (-1)/(-1)*(-3 - -3). Let m(j) = -j + 20. Let f be m(z). Calculate the highest common divisor of 4 and f.
4
Let m(b) be the third derivative of b**5/60 - b**4/6 + 7*b**3/6 - 4*b**2. Let w be m(5). What is the highest common divisor of 24 and w?
12
Let z(l) = l**2 + l - 2. Let p be z(3). What is the greatest common factor of 30 and p?
10
Suppose 4*y + 3*w = 214, 2*w + 4 = -0*w. What is the greatest common divisor of 11 and y?
11
Let f be 0 + (1 - -3) + 6. What is the highest common factor of f and 4?
2
Suppose l = -2*r - 0*l + 4, 2*r = 5*l + 4. Suppose -2*g + 3*t = -g - 20, -28 = -r*g + 2*t. What is the highest common factor of g and 33?
11
Let n(h) = -h + 8. Let k be n(-16). What is the highest common divisor of 6 and k?
6
Suppose 2*t - 17 - 1 = 0. Suppose 2*u - 3*u - 6 = 0. Let h be (u/10)/((-4)/20). What is the greatest common divisor of t and h?
3
Let q = 69 + -35. What is the highest common divisor of 17 and q?
17
Suppose x - 32 = -x. Let j = x - 4. Suppose 3*y = -5 + 23. Calculate the greatest common divisor of j and y.
6
Let r be 4*(0 - (-2)/(-8)). Let t(b) = 60*b**2 - 2*b - 2. Let l be t(r). Calculate the greatest common divisor of l and 10.
10
Let i be ((-2)/(-2))/(5/10). Suppose 2*k = -4*p - 2, 5*p + i*k + 6 = 3*p. What is the greatest common factor of p and 14?
2
Let b(g) = g**3 - 6*g**2 + 6*g + 3. Let x be b(6). What is the highest common divisor of 429 and x?
39
Let i be (-16)/12*210/(-4). Let s be (-6)/(-4)*(-28)/(-3). What is the highest common divisor of i and s?
14
Let z = -61 + 67. Calculate the greatest common divisor of z and 42.
6
Let f(a) = -a - 1. Let g be f(-8). Calculate the greatest common divisor of 14 and g.
7
Suppose 2*q - 4*q = 288. Let f = 364 + q. What is the greatest common divisor of f and 20?
20
Let b be (0 - 1)/((-3)/(-6)). Let x be (0 - (b + 5))/1. Let n = x + 12. Calculate the highest common factor of 27 and n.
9
Suppose 36 = -16*l + 19*l. Calculate the greatest common divisor of l and 300.
12
Let u be (18 - -2)/(4/2). What is the highest common factor of u and 50?
10
Let h be (-1)/1*(-8 + 1). Suppose 97 - h = 3*d. Let l be (-104)/(-10) - (-2)/(-5). Calculate the highest common factor of d and l.
10
Let w(v) = v**3 - 7*v**2 + 8*v - 1. Let m(n) = 7*n**3 - n**2 - n + 1. Let d be m(1). Let u be w(d). What is the highest common factor of u and 77?
11
Suppose 30 = 5*i - 4*w, -20 - 5 = -i - 3*w. What is the greatest common factor of 90 and i?
10
Let y(z) = -8*z - 15. Let q be y(-9). Calculate the highest common divisor of q and 19.
19
Suppose -s - s = -306. Suppose -3*r = -4*r + s. What is the highest common divisor of 17 and r?
17
Suppose 0 = -0*h + 3*h + 4*a + 6, -h - a - 3 = 0. Let u(z) = -4 - 2*z - 2*z + 0*z. Let q be u(h). What is the highest common factor of 100 and q?
20
Suppose 6*z + 80 = 2*w + 2*z, -175 = -4*w + 5*z. Suppose -5*t = -4*t - 20. What is the highest common divisor of t and w?
10
Suppose 8 = -2*o, 0*r + 3*r - 22 = -2*o. Suppose -15 = -r*y + 5*y. Calculate the highest common divisor of 1 and y.
1
Suppose 195 = 5*v - 255. What is the highest common factor of 10 and v?
10
Let s(w) = -10*w + 85. Let f be s(8). Let l = 3 + 0. Let z = 2 + l. What is the highest common factor of z and f?
5
Suppose -5*v + 3*h - 15 = h, 0 = -4*v + h - 9. Let b(i) = 26*i**2 - 2*i - 1. Let f be b(v). Calculate the greatest common factor of f and 9.
9
Suppose -3*t + 105 = -69. Suppose -t - 62 = -5*a. What is the highest common divisor of 6 and a?
6
Suppose 2*a - 5*a + 326 = r, -2*a = 4*r - 234. Let s = a + -68. Suppose -s = -3*o + 3. Calculate the greatest common divisor of 154 and o.
14
Let x = 1 - 1. Let t be 1 + -5 + (8 - 4). Suppose t = -x*k - 3*k + 48. Calculate the greatest common factor of k and 16.
16
Suppose 0 = m + 6 - 12. Calculate the highest common factor of m and 66.
6
Suppose -t + 28 = -0*t. Calculate the greatest common divisor of t and 70.
14
Suppose -3*j - 4*u +